{"id":248,"date":"2021-05-18T04:40:38","date_gmt":"2021-05-18T04:40:38","guid":{"rendered":"http:\/\/www.tresinergie.it\/index.php\/about-us\/"},"modified":"2023-09-05T16:46:57","modified_gmt":"2023-09-05T14:46:57","slug":"chisiamo","status":"publish","type":"page","link":"https:\/\/www.tresinergie.it\/index.php\/chisiamo\/","title":{"rendered":"Chi siamo"},"content":{"rendered":"\t\t<div data-elementor-type=\"wp-page\" data-elementor-id=\"248\" class=\"elementor elementor-248\">\n\t\t\t\t\t\t\t\t\t<section class=\"elementor-section elementor-top-section elementor-element elementor-element-b6d786e elementor-section-content-middle elementor-section-boxed elementor-section-height-default elementor-section-height-default\" data-id=\"b6d786e\" data-element_type=\"section\" data-settings=\"{&quot;background_background&quot;:&quot;classic&quot;}\">\n\t\t\t\t\t\t<div class=\"elementor-container elementor-column-gap-no\">\n\t\t\t\t\t<div class=\"elementor-column elementor-col-50 elementor-top-column elementor-element elementor-element-d2f1e5f\" data-id=\"d2f1e5f\" data-element_type=\"column\">\n\t\t\t<div class=\"elementor-widget-wrap elementor-element-populated\">\n\t\t\t\t\t\t\t\t<div class=\"elementor-element elementor-element-8c02fa3 elementor-widget-mobile__width-inherit elementor-widget elementor-widget-heading\" data-id=\"8c02fa3\" data-element_type=\"widget\" data-widget_type=\"heading.default\">\n\t\t\t\t<div class=\"elementor-widget-container\">\n\t\t\t<style>\/*! elementor - v3.11.1 - 15-02-2023 *\/\n.elementor-heading-title{padding:0;margin:0;line-height:1}.elementor-widget-heading .elementor-heading-title[class*=elementor-size-]>a{color:inherit;font-size:inherit;line-height:inherit}.elementor-widget-heading .elementor-heading-title.elementor-size-small{font-size:15px}.elementor-widget-heading .elementor-heading-title.elementor-size-medium{font-size:19px}.elementor-widget-heading .elementor-heading-title.elementor-size-large{font-size:29px}.elementor-widget-heading .elementor-heading-title.elementor-size-xl{font-size:39px}.elementor-widget-heading .elementor-heading-title.elementor-size-xxl{font-size:59px}<\/style><h1 class=\"elementor-heading-title elementor-size-default\">Chi siamo<\/h1>\t\t<\/div>\n\t\t\t\t<\/div>\n\t\t\t\t\t<\/div>\n\t\t<\/div>\n\t\t\t\t<div class=\"elementor-column elementor-col-50 elementor-top-column elementor-element elementor-element-b2b8baf\" data-id=\"b2b8baf\" data-element_type=\"column\">\n\t\t\t<div class=\"elementor-widget-wrap elementor-element-populated\">\n\t\t\t\t\t\t\t\t<div class=\"elementor-element elementor-element-d27d16f elementor-widget elementor-widget-image\" data-id=\"d27d16f\" data-element_type=\"widget\" data-widget_type=\"image.default\">\n\t\t\t\t<div class=\"elementor-widget-container\">\n\t\t\t<style>\/*! elementor - v3.11.1 - 15-02-2023 *\/\n.elementor-widget-image{text-align:center}.elementor-widget-image a{display:inline-block}.elementor-widget-image a img[src$=\".svg\"]{width:48px}.elementor-widget-image img{vertical-align:middle;display:inline-block}<\/style>\t\t\t\t\t\t\t\t\t\t\t\t<img loading=\"lazy\" decoding=\"async\" width=\"612\" height=\"393\" src=\"https:\/\/www.tresinergie.it\/wp-content\/uploads\/2022\/02\/istockphoto-887635980-612x612-1.jpg\" class=\"attachment-large size-large wp-image-449\" alt=\"\" srcset=\"https:\/\/www.tresinergie.it\/wp-content\/uploads\/2022\/02\/istockphoto-887635980-612x612-1.jpg 612w, https:\/\/www.tresinergie.it\/wp-content\/uploads\/2022\/02\/istockphoto-887635980-612x612-1-300x193.jpg 300w\" sizes=\"auto, (max-width: 612px) 100vw, 612px\" \/>\t\t\t\t\t\t\t\t\t\t\t\t\t\t\t<\/div>\n\t\t\t\t<\/div>\n\t\t\t\t\t<\/div>\n\t\t<\/div>\n\t\t\t\t\t\t\t<\/div>\n\t\t<\/section>\n\t\t\t\t<section class=\"elementor-section elementor-top-section elementor-element elementor-element-061a745 elementor-section-boxed elementor-section-height-default elementor-section-height-default\" data-id=\"061a745\" data-element_type=\"section\" data-settings=\"{&quot;background_background&quot;:&quot;classic&quot;}\">\n\t\t\t\t\t\t<div class=\"elementor-container elementor-column-gap-no\">\n\t\t\t\t\t<div class=\"elementor-column elementor-col-100 elementor-top-column elementor-element elementor-element-b9e486f\" data-id=\"b9e486f\" data-element_type=\"column\">\n\t\t\t<div class=\"elementor-widget-wrap elementor-element-populated\">\n\t\t\t\t\t\t\t\t<div class=\"elementor-element elementor-element-8cb829c elementor-widget elementor-widget-heading\" data-id=\"8cb829c\" data-element_type=\"widget\" data-widget_type=\"heading.default\">\n\t\t\t\t<div class=\"elementor-widget-container\">\n\t\t\t<h2 class=\"elementor-heading-title elementor-size-default\">Un unico interlocutore per molteplici servizi!<\/h2>\t\t<\/div>\n\t\t\t\t<\/div>\n\t\t\t\t<div class=\"elementor-element elementor-element-ece1ba3 elementor-position-left e-transform elementor-vertical-align-top elementor-widget elementor-widget-image-box\" data-id=\"ece1ba3\" data-element_type=\"widget\" data-settings=\"{&quot;_transform_skewX_effect&quot;:{&quot;unit&quot;:&quot;px&quot;,&quot;size&quot;:&quot;&quot;,&quot;sizes&quot;:[]},&quot;_transform_skewX_effect_tablet&quot;:{&quot;unit&quot;:&quot;deg&quot;,&quot;size&quot;:&quot;&quot;,&quot;sizes&quot;:[]},&quot;_transform_skewX_effect_mobile&quot;:{&quot;unit&quot;:&quot;deg&quot;,&quot;size&quot;:&quot;&quot;,&quot;sizes&quot;:[]},&quot;_transform_skewY_effect&quot;:{&quot;unit&quot;:&quot;px&quot;,&quot;size&quot;:&quot;&quot;,&quot;sizes&quot;:[]},&quot;_transform_skewY_effect_tablet&quot;:{&quot;unit&quot;:&quot;deg&quot;,&quot;size&quot;:&quot;&quot;,&quot;sizes&quot;:[]},&quot;_transform_skewY_effect_mobile&quot;:{&quot;unit&quot;:&quot;deg&quot;,&quot;size&quot;:&quot;&quot;,&quot;sizes&quot;:[]}}\" data-widget_type=\"image-box.default\">\n\t\t\t\t<div class=\"elementor-widget-container\">\n\t\t\t<style>\/*! elementor - v3.11.1 - 15-02-2023 *\/\n.elementor-widget-image-box .elementor-image-box-content{width:100%}@media (min-width:768px){.elementor-widget-image-box.elementor-position-left .elementor-image-box-wrapper,.elementor-widget-image-box.elementor-position-right .elementor-image-box-wrapper{display:flex}.elementor-widget-image-box.elementor-position-right .elementor-image-box-wrapper{text-align:right;flex-direction:row-reverse}.elementor-widget-image-box.elementor-position-left .elementor-image-box-wrapper{text-align:left;flex-direction:row}.elementor-widget-image-box.elementor-position-top .elementor-image-box-img{margin:auto}.elementor-widget-image-box.elementor-vertical-align-top .elementor-image-box-wrapper{align-items:flex-start}.elementor-widget-image-box.elementor-vertical-align-middle .elementor-image-box-wrapper{align-items:center}.elementor-widget-image-box.elementor-vertical-align-bottom .elementor-image-box-wrapper{align-items:flex-end}}@media (max-width:767px){.elementor-widget-image-box .elementor-image-box-img{margin-left:auto!important;margin-right:auto!important;margin-bottom:15px}}.elementor-widget-image-box .elementor-image-box-img{display:inline-block}.elementor-widget-image-box .elementor-image-box-title a{color:inherit}.elementor-widget-image-box .elementor-image-box-wrapper{text-align:center}.elementor-widget-image-box .elementor-image-box-description{margin:0}<\/style><div class=\"elementor-image-box-wrapper\"><figure class=\"elementor-image-box-img\"><img loading=\"lazy\" decoding=\"async\" width=\"612\" height=\"408\" src=\"https:\/\/www.tresinergie.it\/wp-content\/uploads\/2022\/02\/istockphoto-1128180520-612x612-1.jpg\" class=\"attachment-large size-large wp-image-453\" alt=\"\" srcset=\"https:\/\/www.tresinergie.it\/wp-content\/uploads\/2022\/02\/istockphoto-1128180520-612x612-1.jpg 612w, https:\/\/www.tresinergie.it\/wp-content\/uploads\/2022\/02\/istockphoto-1128180520-612x612-1-300x200.jpg 300w\" sizes=\"auto, (max-width: 612px) 100vw, 612px\" \/><\/figure><div class=\"elementor-image-box-content\"><h4 class=\"elementor-image-box-title\">Con 20 anni di esperienza nel coadiuvare le aziende nel loro percorso di crescita, abbiamo imparato a comprendere le esigenze dei clienti indipendentemente dal settore in cui operano<\/h4><p class=\"elementor-image-box-description\">\n&Eacute; questa la forza di Tre Sinergie, azienda che opera nel settore del global service e del facility management.\nAttraverso la progettazione di interventi su misura, funzionali alle specifiche esigenze di ogni cliente, Tre Sinergie garantisce soluzioni globali personalizzate,  proponendosi come un partner di fiducia per enti, imprese e comunit\u00e0.<br>\nLa gestione dei servizi integrati viene svolta nel rispetto dei principi su cui l\u2018azienda fonda la sua politica:<br>\n- qualit\u00e0 del servizio<br>- piena soddisfazione del cliente<br>- minimizzazione dell\u2019impatto ambientale<br>- rispetto e valorizzazione del proprio team<br>- massima attenzione ai temi della salute e sicurezza\n<br><\/p><\/div><\/div>\t\t<\/div>\n\t\t\t\t<\/div>\n\t\t\t\t<div class=\"elementor-element elementor-element-ef8d922 elementor-position-left elementor-widget__width-initial elementor-widget-mobile__width-inherit elementor-vertical-align-top elementor-widget elementor-widget-image-box\" data-id=\"ef8d922\" data-element_type=\"widget\" data-widget_type=\"image-box.default\">\n\t\t\t\t<div class=\"elementor-widget-container\">\n\t\t\t<div class=\"elementor-image-box-wrapper\"><div class=\"elementor-image-box-content\"><h3 class=\"elementor-image-box-title\">Mission<\/h3><p class=\"elementor-image-box-description\">L\u2019obiettivo \u00e8 garantire un servizio completo, affidabile ed efficiente con la massima flessibilit\u00e0.<br>Vogliamo essere protagonisti nel mondo dei servizi con professionalit\u00e0 ed etica, mettendo al centro i clienti e la collettivit\u00e0, valorizzando le competenze e le aspirazioni dei lavoratori, nel rispetto delle regole.<\/p><\/div><\/div>\t\t<\/div>\n\t\t\t\t<\/div>\n\t\t\t\t<div class=\"elementor-element elementor-element-b8a2161 elementor-position-left elementor-widget__width-initial elementor-widget-mobile__width-inherit elementor-vertical-align-top elementor-widget elementor-widget-image-box\" data-id=\"b8a2161\" data-element_type=\"widget\" data-widget_type=\"image-box.default\">\n\t\t\t\t<div class=\"elementor-widget-container\">\n\t\t\t<div class=\"elementor-image-box-wrapper\"><div class=\"elementor-image-box-content\"><h3 class=\"elementor-image-box-title\">Vision<\/h3><p class=\"elementor-image-box-description\">Crediamo nella condivisione della visione strategica con i vari livelli dell\u2019organizzazione, cos\u00ec da rendere tutti partecipi degli obiettivi.\n<br>\nBasiamo la gestione della nostra impresa sulla ricerca di nuove tecnologie, su un attento coordinamento dei servizi e sulla puntuale formazione del personale. <br>\nLe certificazioni del nostro<a href:=\"\" http:=\"\" web.tresinergie.it=\"\" index.php=\"\" certificazioni=\"\" b> Sistema di Gestione Integrato <\/a>sono la migliore garanzia per la corretta erogazione del servizio. <\/p><\/div><\/div>\t\t<\/div>\n\t\t\t\t<\/div>\n\t\t\t\t\t<\/div>\n\t\t<\/div>\n\t\t\t\t\t\t\t<\/div>\n\t\t<\/section>\n\t\t\t\t<section class=\"elementor-section elementor-top-section elementor-element elementor-element-e9623d5 elementor-section-boxed elementor-section-height-default elementor-section-height-default\" data-id=\"e9623d5\" data-element_type=\"section\">\n\t\t\t\t\t\t<div class=\"elementor-container elementor-column-gap-default\">\n\t\t\t\t\t<div class=\"elementor-column elementor-col-100 elementor-top-column elementor-element elementor-element-95e3eed\" data-id=\"95e3eed\" data-element_type=\"column\">\n\t\t\t<div class=\"elementor-widget-wrap elementor-element-populated\">\n\t\t\t\t\t\t\t\t<div class=\"elementor-element elementor-element-0bfe277 elementor-widget elementor-widget-spacer\" data-id=\"0bfe277\" data-element_type=\"widget\" data-widget_type=\"spacer.default\">\n\t\t\t\t<div class=\"elementor-widget-container\">\n\t\t\t<style>\/*! elementor - v3.11.1 - 15-02-2023 *\/\n.elementor-column .elementor-spacer-inner{height:var(--spacer-size)}.e-con{--container-widget-width:100%}.e-con-inner>.elementor-widget-spacer,.e-con>.elementor-widget-spacer{width:var(--container-widget-width,var(--spacer-size));--align-self:var(--container-widget-align-self,initial);--flex-shrink:0}.e-con-inner>.elementor-widget-spacer>.elementor-widget-container,.e-con-inner>.elementor-widget-spacer>.elementor-widget-container>.elementor-spacer,.e-con>.elementor-widget-spacer>.elementor-widget-container,.e-con>.elementor-widget-spacer>.elementor-widget-container>.elementor-spacer{height:100%}.e-con-inner>.elementor-widget-spacer>.elementor-widget-container>.elementor-spacer>.elementor-spacer-inner,.e-con>.elementor-widget-spacer>.elementor-widget-container>.elementor-spacer>.elementor-spacer-inner{height:var(--container-widget-height,var(--spacer-size))}<\/style>\t\t<div class=\"elementor-spacer\">\n\t\t\t<div class=\"elementor-spacer-inner\"><\/div>\n\t\t<\/div>\n\t\t\t\t<\/div>\n\t\t\t\t<\/div>\n\t\t\t\t<div class=\"elementor-element elementor-element-126f155 elementor-position-left elementor-view-default elementor-mobile-position-top elementor-vertical-align-top elementor-widget elementor-widget-icon-box\" data-id=\"126f155\" data-element_type=\"widget\" data-widget_type=\"icon-box.default\">\n\t\t\t\t<div class=\"elementor-widget-container\">\n\t\t\t<link rel=\"stylesheet\" href=\"https:\/\/www.tresinergie.it\/wp-content\/plugins\/elementor\/assets\/css\/widget-icon-box.min.css\">\t\t<div class=\"elementor-icon-box-wrapper\">\n\t\t\t\t\t\t<div class=\"elementor-icon-box-icon\">\n\t\t\t\t<a class=\"elementor-icon elementor-animation-\" href=\"http:\/\/www.tresinergie.it\/wp-content\/uploads\/2023\/09\/presentazione-TRE-SINERGIE-web_05-09-23.pdf\" target=\"_blank\">\n\t\t\t\t<i aria-hidden=\"true\" class=\"fas fa-file-download\"><\/i>\t\t\t\t<\/a>\n\t\t\t<\/div>\n\t\t\t\t\t\t<div class=\"elementor-icon-box-content\">\n\t\t\t\t<h3 class=\"elementor-icon-box-title\">\n\t\t\t\t\t<a href=\"http:\/\/www.tresinergie.it\/wp-content\/uploads\/2023\/09\/presentazione-TRE-SINERGIE-web_05-09-23.pdf\" target=\"_blank\" >\n\t\t\t\t\t\tScarica la presentazione di Tre Sinergie Srl\t\t\t\t\t<\/a>\n\t\t\t\t<\/h3>\n\t\t\t\t\t\t\t<\/div>\n\t\t<\/div>\n\t\t\t\t<\/div>\n\t\t\t\t<\/div>\n\t\t\t\t<div class=\"elementor-element elementor-element-60cbe97 elementor-widget elementor-widget-spacer\" data-id=\"60cbe97\" data-element_type=\"widget\" data-widget_type=\"spacer.default\">\n\t\t\t\t<div class=\"elementor-widget-container\">\n\t\t\t\t\t<div class=\"elementor-spacer\">\n\t\t\t<div class=\"elementor-spacer-inner\"><\/div>\n\t\t<\/div>\n\t\t\t\t<\/div>\n\t\t\t\t<\/div>\n\t\t\t\t\t<\/div>\n\t\t<\/div>\n\t\t\t\t\t\t\t<\/div>\n\t\t<\/section>\n\t\t\t\t\t\t\t<\/div>\n\t\t","protected":false},"excerpt":{"rendered":"<p>Chi siamo Un unico interlocutore per molteplici servizi! Con 20 anni di esperienza nel coadiuvare le aziende nel loro percorso di crescita, abbiamo imparato a comprendere le esigenze dei clienti indipendentemente dal settore in cui operano &Eacute; questa la forza di Tre Sinergie, azienda che opera nel settore del global service e del facility management. &hellip;<\/p>\n<p class=\"read-more\"> <a class=\"\" href=\"https:\/\/www.tresinergie.it\/index.php\/chisiamo\/\"> <span class=\"screen-reader-text\">Chi siamo<\/span> Leggi altro &raquo;<\/a><\/p>\n","protected":false},"author":1,"featured_media":0,"parent":0,"menu_order":0,"comment_status":"closed","ping_status":"closed","template":"","meta":{"site-sidebar-layout":"no-sidebar","site-content-layout":"page-builder","ast-main-header-display":"","ast-hfb-above-header-display":"","ast-hfb-below-header-display":"","ast-hfb-mobile-header-display":"","site-post-title":"disabled","ast-breadcrumbs-content":"","ast-featured-img":"disabled","footer-sml-layout":"","theme-transparent-header-meta":"default","adv-header-id-meta":"","stick-header-meta":"","header-above-stick-meta":"","header-main-stick-meta":"","header-below-stick-meta":"","footnotes":""},"class_list":["post-248","page","type-page","status-publish","hentry"],"yoast_head":"<!-- This site is optimized with the Yoast SEO plugin v20.1 - https:\/\/yoast.com\/wordpress\/plugins\/seo\/ -->\n<title>Chi siamo - Tresinergie<\/title>\n<meta name=\"robots\" content=\"index, follow, max-snippet:-1, max-image-preview:large, max-video-preview:-1\" \/>\n<link rel=\"canonical\" href=\"https:\/\/www.tresinergie.it\/index.php\/chisiamo\/\" \/>\n<meta property=\"og:locale\" content=\"it_IT\" \/>\n<meta property=\"og:type\" content=\"article\" \/>\n<meta property=\"og:title\" content=\"Chi siamo - Tresinergie\" \/>\n<meta property=\"og:description\" content=\"Chi siamo Un unico interlocutore per molteplici servizi! Con 20 anni di esperienza nel coadiuvare le aziende nel loro percorso di crescita, abbiamo imparato a comprendere le esigenze dei clienti indipendentemente dal settore in cui operano &Eacute; questa la forza di Tre Sinergie, azienda che opera nel settore del global service e del facility management. &hellip; Chi siamo Leggi altro &raquo;\" \/>\n<meta property=\"og:url\" content=\"https:\/\/www.tresinergie.it\/index.php\/chisiamo\/\" \/>\n<meta property=\"og:site_name\" content=\"Tresinergie\" \/>\n<meta property=\"article:modified_time\" content=\"2023-09-05T14:46:57+00:00\" \/>\n<meta property=\"og:image\" content=\"http:\/\/www.tresinergie.it\/wp-content\/uploads\/2022\/02\/istockphoto-887635980-612x612-1.jpg\" \/>\n<meta name=\"twitter:card\" content=\"summary_large_image\" \/>\n<meta name=\"twitter:label1\" content=\"Tempo di lettura stimato\" \/>\n\t<meta name=\"twitter:data1\" content=\"2 minuti\" \/>\n<script type=\"application\/ld+json\" class=\"yoast-schema-graph\">{\"@context\":\"https:\/\/schema.org\",\"@graph\":[{\"@type\":\"WebPage\",\"@id\":\"https:\/\/www.tresinergie.it\/index.php\/chisiamo\/\",\"url\":\"https:\/\/www.tresinergie.it\/index.php\/chisiamo\/\",\"name\":\"Chi siamo - Tresinergie\",\"isPartOf\":{\"@id\":\"https:\/\/www.tresinergie.it\/#website\"},\"datePublished\":\"2021-05-18T04:40:38+00:00\",\"dateModified\":\"2023-09-05T14:46:57+00:00\",\"breadcrumb\":{\"@id\":\"https:\/\/www.tresinergie.it\/index.php\/chisiamo\/#breadcrumb\"},\"inLanguage\":\"it-IT\",\"potentialAction\":[{\"@type\":\"ReadAction\",\"target\":[\"https:\/\/www.tresinergie.it\/index.php\/chisiamo\/\"]}]},{\"@type\":\"BreadcrumbList\",\"@id\":\"https:\/\/www.tresinergie.it\/index.php\/chisiamo\/#breadcrumb\",\"itemListElement\":[{\"@type\":\"ListItem\",\"position\":1,\"name\":\"Home\",\"item\":\"https:\/\/www.tresinergie.it\/\"},{\"@type\":\"ListItem\",\"position\":2,\"name\":\"Chi siamo\"}]},{\"@type\":\"WebSite\",\"@id\":\"https:\/\/www.tresinergie.it\/#website\",\"url\":\"https:\/\/www.tresinergie.it\/\",\"name\":\"Tresinergie\",\"description\":\"Soluzioni di Global Service\",\"publisher\":{\"@id\":\"https:\/\/www.tresinergie.it\/#organization\"},\"potentialAction\":[{\"@type\":\"SearchAction\",\"target\":{\"@type\":\"EntryPoint\",\"urlTemplate\":\"https:\/\/www.tresinergie.it\/?s={search_term_string}\"},\"query-input\":\"required name=search_term_string\"}],\"inLanguage\":\"it-IT\"},{\"@type\":\"Organization\",\"@id\":\"https:\/\/www.tresinergie.it\/#organization\",\"name\":\"Tre Sinergie\",\"url\":\"https:\/\/www.tresinergie.it\/\",\"logo\":{\"@type\":\"ImageObject\",\"inLanguage\":\"it-IT\",\"@id\":\"https:\/\/www.tresinergie.it\/#\/schema\/logo\/image\/\",\"url\":\"https:\/\/www.tresinergie.it\/wp-content\/uploads\/2022\/02\/tre_sinergie_logo-trasp.png\",\"contentUrl\":\"https:\/\/www.tresinergie.it\/wp-content\/uploads\/2022\/02\/tre_sinergie_logo-trasp.png\",\"width\":3543,\"height\":1772,\"caption\":\"Tre Sinergie\"},\"image\":{\"@id\":\"https:\/\/www.tresinergie.it\/#\/schema\/logo\/image\/\"},\"sameAs\":[\"https:\/\/www.linkedin.com\/company\/tre-sinergie-srl\"]}]}<\/script>\n<!-- \/ Yoast SEO plugin. -->","yoast_head_json":{"title":"Chi siamo - Tresinergie","robots":{"index":"index","follow":"follow","max-snippet":"max-snippet:-1","max-image-preview":"max-image-preview:large","max-video-preview":"max-video-preview:-1"},"canonical":"https:\/\/www.tresinergie.it\/index.php\/chisiamo\/","og_locale":"it_IT","og_type":"article","og_title":"Chi siamo - Tresinergie","og_description":"Chi siamo Un unico interlocutore per molteplici servizi! Con 20 anni di esperienza nel coadiuvare le aziende nel loro percorso di crescita, abbiamo imparato a comprendere le esigenze dei clienti indipendentemente dal settore in cui operano &Eacute; questa la forza di Tre Sinergie, azienda che opera nel settore del global service e del facility management. &hellip; Chi siamo Leggi altro &raquo;","og_url":"https:\/\/www.tresinergie.it\/index.php\/chisiamo\/","og_site_name":"Tresinergie","article_modified_time":"2023-09-05T14:46:57+00:00","og_image":[{"url":"http:\/\/www.tresinergie.it\/wp-content\/uploads\/2022\/02\/istockphoto-887635980-612x612-1.jpg"}],"twitter_card":"summary_large_image","twitter_misc":{"Tempo di lettura stimato":"2 minuti"},"schema":{"@context":"https:\/\/schema.org","@graph":[{"@type":"WebPage","@id":"https:\/\/www.tresinergie.it\/index.php\/chisiamo\/","url":"https:\/\/www.tresinergie.it\/index.php\/chisiamo\/","name":"Chi siamo - Tresinergie","isPartOf":{"@id":"https:\/\/www.tresinergie.it\/#website"},"datePublished":"2021-05-18T04:40:38+00:00","dateModified":"2023-09-05T14:46:57+00:00","breadcrumb":{"@id":"https:\/\/www.tresinergie.it\/index.php\/chisiamo\/#breadcrumb"},"inLanguage":"it-IT","potentialAction":[{"@type":"ReadAction","target":["https:\/\/www.tresinergie.it\/index.php\/chisiamo\/"]}]},{"@type":"BreadcrumbList","@id":"https:\/\/www.tresinergie.it\/index.php\/chisiamo\/#breadcrumb","itemListElement":[{"@type":"ListItem","position":1,"name":"Home","item":"https:\/\/www.tresinergie.it\/"},{"@type":"ListItem","position":2,"name":"Chi siamo"}]},{"@type":"WebSite","@id":"https:\/\/www.tresinergie.it\/#website","url":"https:\/\/www.tresinergie.it\/","name":"Tresinergie","description":"Soluzioni di Global Service","publisher":{"@id":"https:\/\/www.tresinergie.it\/#organization"},"potentialAction":[{"@type":"SearchAction","target":{"@type":"EntryPoint","urlTemplate":"https:\/\/www.tresinergie.it\/?s={search_term_string}"},"query-input":"required name=search_term_string"}],"inLanguage":"it-IT"},{"@type":"Organization","@id":"https:\/\/www.tresinergie.it\/#organization","name":"Tre Sinergie","url":"https:\/\/www.tresinergie.it\/","logo":{"@type":"ImageObject","inLanguage":"it-IT","@id":"https:\/\/www.tresinergie.it\/#\/schema\/logo\/image\/","url":"https:\/\/www.tresinergie.it\/wp-content\/uploads\/2022\/02\/tre_sinergie_logo-trasp.png","contentUrl":"https:\/\/www.tresinergie.it\/wp-content\/uploads\/2022\/02\/tre_sinergie_logo-trasp.png","width":3543,"height":1772,"caption":"Tre Sinergie"},"image":{"@id":"https:\/\/www.tresinergie.it\/#\/schema\/logo\/image\/"},"sameAs":["https:\/\/www.linkedin.com\/company\/tre-sinergie-srl"]}]}},"_links":{"self":[{"href":"https:\/\/www.tresinergie.it\/index.php\/wp-json\/wp\/v2\/pages\/248","targetHints":{"allow":["GET"]}}],"collection":[{"href":"https:\/\/www.tresinergie.it\/index.php\/wp-json\/wp\/v2\/pages"}],"about":[{"href":"https:\/\/www.tresinergie.it\/index.php\/wp-json\/wp\/v2\/types\/page"}],"author":[{"embeddable":true,"href":"https:\/\/www.tresinergie.it\/index.php\/wp-json\/wp\/v2\/users\/1"}],"replies":[{"embeddable":true,"href":"https:\/\/www.tresinergie.it\/index.php\/wp-json\/wp\/v2\/comments?post=248"}],"version-history":[{"count":60,"href":"https:\/\/www.tresinergie.it\/index.php\/wp-json\/wp\/v2\/pages\/248\/revisions"}],"predecessor-version":[{"id":1127,"href":"https:\/\/www.tresinergie.it\/index.php\/wp-json\/wp\/v2\/pages\/248\/revisions\/1127"}],"wp:attachment":[{"href":"https:\/\/www.tresinergie.it\/index.php\/wp-json\/wp\/v2\/media?parent=248"}],"curies":[{"name":"wp","href":"https:\/\/api.w.org\/{rel}","templated":true}]}}